26. Let h be f(27). Let g = h + -81. Give i(g).
-6
Let n(i) = 64*i**2 + 4*i + 83. Let k(q) = -257*q**2 - 15*q - 311. Let u(j) = 4*k(j) + 15*n(j). Determine u(-1).
-67
Let p(w) = -w**3 + 5*w**2 + 7*w + 8. Let f = -174 - -332. Suppose 3*o = 5*c + f - 2, -2*o + 104 = 4*c. Let t be (4 + o/(-12))/((-2)/36). Give p(t).
14
Let z(v) = -2*v + 2. Let d(m) = -m**2 + 31 - 2*m - 5 + 11*m. Let x be d(11). Suppose -4*l + x = 5*o - 0, -5*o - 5*l = 0. Calculate z(o).
-6
Let h(p) be the second derivative of -19*p**3/3 + 7*p**2/2 - 23*p + 20. Determine h(2).
-69
Let t be -1 + ((-16)/6 - 29/((-348)/8)). Let b(u) = 0*u + 3 - u + 0*u. What is b(t)?
6
Let u(k) = 4*k**2 + 1334 - 3*k**2 + 10*k - 1323. Determine u(-6).
-13
Let s(f) = -262*f - 19. Let x(o) = 78*o + 6. Let a(n) = -2*s(n) - 7*x(n). Determine a(0).
-4
Let o(t) = -2*t**2 + 11*t - 2. Let k be -2*((-11)/(-6) + (-25)/75). Let h(j) = 3*j**2 - 21*j + 1. Let g(l) = k*h(l) - 5*o(l). Give g(-5).
-8
Let j(m) be the first derivative of 1/3*m**3 - 3*m - 2*m**2 + 29. Let w(d) = -3*d + 1. Let y be w(1). Determine j(y).
9
Suppose -5*h + 5*m - 3*m = 64, -5*h + 4*m - 68 = 0. Let s(t) = -9*t - 109. Give s(h).
-1
Let j(x) = -x**2 - 4*x - 4. Let m be (2 - -5)/(2/(-2 - -4)). Let u be ((-72)/(-168))/((-1)/m). Calculate j(u).
-1
Let x(m) = 3*m. Let s(c) = -15*c + 7. Let k(f) = s(f) + 6*x(f). Let v be 152/36 + (-8)/36. Let g = -10 + v. Determine k(g).
-11
Let p(m) = 43*m - 101*m + 59*m - 18 - 43 + 8. Determine p(51).
-2
Suppose 3*i - 4*f - 282 + 311 = 0, -2*f + 17 = -i. Let y(m) = -m**2 - m + 1. Let d(p) = -5*p**2 - 8*p + 10. Let r(j) = -d(j) + 6*y(j). What is r(i)?
-19
Let x = -1 - 5. Let j(m) be the third derivative of m**7/1680 + m**6/80 + m**5/3 - 11*m**2. Let c(g) be the third derivative of j(g). Determine c(x).
-9
Let c(t) be the third derivative of t**5/60 - t**4/2 + 5*t**3/6 - 222*t**2. Determine c(11).
-6
Let b(v) = 19*v**3 - 3*v**2 - 3*v + 11. Let g(k) = -13*k**3 + 4*k - 10. Let z(o) = 4*b(o) + 6*g(o). What is z(-7)?
-2
Let c(d) = d**3 - 9*d**2 - 13*d + 12. Let m(s) be the third derivative of s**6/10 - s**5/30 - s**4/4 + s**3 - 7*s**2 + 2. Let n be m(1). Give c(n).
-18
Let q(u) = -11*u - 2. Let t(f) be the second derivative of f**3/3 - f**2 + 243*f. Let x(j) = -q(j) - 6*t(j). What is x(8)?
6
Let v(d) = 2*d**2 + 14*d + 3. Let u be v(-7). Let m(y) = -3 + 5*y**2 + 25 - 15 + y**u. Calculate m(-5).
7
Let m(x) = x**2 + 12*x - 14. Let p be m(-14). Suppose p = -2*k + 12. Let v(o) = -10*o - 2 - 1 + 3 - 1. Give v(k).
9
Let w be ((-27)/6 + 4)*0 + 1. Let b(a) be the second derivative of a**4/4 + a**3/3 - a**2/2 - 3*a. Determine b(w).
4
Let m(h) = -16*h**3 + 24*h**2 - 16*h - 665. Let g(w) = 3*w**3 - 5*w**2 + 3*w + 121. Let i(a) = -11*g(a) - 2*m(a). Let s = -5 + 11. What is i(s)?
29
Let z(p) = -688*p**3 + 3 - 689*p**3 + 2*p + 1378*p**3 + 8*p**2. Suppose 17*m = -135 - 1. Calculate z(m).
-13
Let y(w) = -3*w**3 + 47*w**2 + 19*w - 34. Let d be y(16). Let h(z) = 2*z - 21. Calculate h(d).
7
Suppose -2*n + 24 = -4*f, 2*n + 28*f = 23*f - 48. Let v(w) = w**3 - 11*w - 15. Give v(n).
-35
Let q(d) = -2*d + 12. Let u be q(8). Let p = -12 + 17. Let m(b) = -2*b**2 + b. Let r(j) = -2*j**2 + 1. Let w(f) = p*r(f) - 4*m(f). What is w(u)?
-11
Let x = 136 + -133. Let b(v) = -92*v**2 + 91*v**2 + 3*v - x*v - 8. Give b(0).
-8
Let y(n) = 5*n - 24. Let h(d) = 2*d - 6. Let o(p) = -5*h(p) + y(p). Calculate o(5).
-19
Let h(f) = -f**2 - 7*f + 7. Let s be ((-21)/(-441)*28)/((-2)/15). Determine h(s).
-23
Let r(k) = -k - 4*k + 2*k + 24 + k. Let v be r(13). Let y(h) = -2*h**3 - h**2 - 4*h - 3. Calculate y(v).
17
Let v(t) = t**2 + 14*t. Let w(q) = -5*q**2 - 229*q - 193. Let o be w(-45). Give v(o).
-13
Let x = 13 + 21. Let r = -29 + x. Suppose -28 = r*m - 13. Let q(z) = z**2 + z. Give q(m).
6
Let n(b) = b**2 - 11*b + 2. Suppose -12 = -h + 5*h. Let i be ((-231)/14)/h*2. Give n(i).
2
Let s = 276 - 271. Let n(c) = 10*c**2 + 13*c - 25. Let p(l) = 7*l**2 + 9*l - 17. Let z(j) = 5*n(j) - 7*p(j). Give z(s).
29
Let q(j) = -j**2 - 3*j + 1. Let d(y) = 4*y**2 - 6*y - 2. Let g be d(-6). Let p be -10*g/16 + (-1)/(-4). Let a = p - -108. Determine q(a).
1
Let w = 43 - 61. Let p(x) = -6*x - 99. Let l be p(w). Let u(q) = q - 5. What is u(l)?
4
Let i(p) = -p**3 + 36*p**2 + 37*p + 8. Let w = 498 - 461. Determine i(w).
8
Let s(g) = g**3 + 8*g**2 - g - 4. Let a = -5472 - -5464. What is s(a)?
4
Let y = 6 + -9. Let r(w) be the first derivative of -w**2/2 + 3390. What is r(y)?
3
Let v be (-3)/5 - (-9)/15. Let x be 16/184 + ((-420)/69 - v). Let l(d) = d**2 + 9*d + 12. Determine l(x).
-6
Let n(j) be the third derivative of -j**5/30 - 7*j**4/12 - 16*j**3/3 - 3*j**2 - 64*j + 8. What is n(-10)?
-92
Suppose -q + 0 = -2. Let d be (-48)/8 + (q - -9). Let k(p) = p**3 - 5*p**2 - 2*p. What is k(d)?
-10
Let n(d) = -175879*d**2 + 17*d - 2*d**3 + 8*d - 4*d + 175899*d**2 + 47 + 3*d**3. What is n(-19)?
9
Let a = -1178 - -1167. Let v(i) = -4*i - 40. What is v(a)?
4
Let p(o) = o**3 - 6*o**2 + o + 7. Let r(l) = l + 9. Let m be r(-5). Let y be -4 + (24/1)/m. Let z be 2*(3 + 2 - y). Determine p(z).
13
Let y(j) = -37*j**2 - 8*j + 72. Let o(m) = 16*m**2 + 3*m - 36. Let v(l) = -7*o(l) - 3*y(l). Calculate v(-5).
-4
Let k(m) = 2*m**2 + 97*m + 139. Suppose w - 53*w = 559 + 1885. Give k(w).
-2
Let n(l) = 3*l + 0 + 0 + 4 + 3. Let a(v) be the second derivative of v**3/6 + 2*v. Let f(z) = -2*a(z) + n(z). Give f(-7).
0
Let i(n) = -7*n**2 + 3*n + 1698. Let g(j) = -20*j**2 + 10*j + 4813. Let d(p) = 6*g(p) - 17*i(p). Suppose -7 = -h + 2. What is d(h)?
12
Let j(o) = -14*o - 1. Let s(n) = 143*n + 6. Let f(h) = 5*j(h) + s(h). What is f(-1)?
-72
Suppose 266 = -26*d + 84. Let r(z) = -5*z - 24. Calculate r(d).
11
Let v(j) = j**2 + 3*j - 3. Let r be ((-22)/(-4) - 4)*40/6. Suppose -2*i + 3 = 7, -3*x + 2*i + r = 0. Determine v(x).
7
Let o(p) = 29*p**2 + 4248 - 23*p - 30*p**2 - 4339. Calculate o(-8).
29
Let g = 326 + -333. Let i(t) = 6*t - 17. Give i(g).
-59
Let a(d) = 2*d - 6. Suppose 0 = -5*x + 3 - 68. Let v(q) = -5*q - 58. Let t(f) = -14*f - 164. Let p(g) = 4*t(g) - 11*v(g). Let h be p(x). What is a(h)?
-16
Let n(o) be the second derivative of o**3/6 - 5*o**2/2 - 6404*o. What is n(9)?
4
Let m be 1/3 - 1073/87. Let g(f) = -f**2 - 11*f - 13. Give g(m).
-25
Let y be (24/(-20))/((-6)/15). Let c(b) = -7*b**3 + 4 + 10*b**2 - 7*b**2 + 6*b**y - b - 9*b**2. Determine c(-6).
10
Let z(i) be the second derivative of i**4/6 - 22*i**3/3 + 45*i**2 + 2*i - 71. Determine z(20).
10
Let l be (-2 + -4 + -2)/1 - -7. Let k(y) = -2*y. What is k(l)?
2
Suppose 9*y - 10*y - 6 = -3*h, 4*h = -2*y - 72. Let w(j) = -j - 17. Determine w(y).
7
Suppose 0 = -9*g + 119 - 2. Let k(i) = -i**3 + 14*i**2 - 12*i - 8. Let p be k(g). Let m(n) = 4 - 4 - p + n + 10. Determine m(-7).
-2
Suppose -1519 + 1501 = -3*d. Let i(n) = -10 + 2*n - n - 11 + 0 + d. Let m = 18 - 10. What is i(m)?
-7
Let d(w) = -w**2 + 8*w + 5. Suppose -79 - 71 = -5*p. Suppose 4*o + 11 = k - 5, 0 = 3*k - 3*o - p. Give d(k).
5
Let i(b) = 2*b**3 - 2*b**2 + 10*b - 40. Let y be i(7). Let j = 627 - y. Let n(u) = u**2 - 12*u + 22. What is n(j)?
-5
Let u(n) = 14*n - 40. Let h(q) = q - 10. Let g(v) = -4*h(v) + u(v). Let k(d) = d**3 + 4*d**2 + d + 3. Let x be k(-4). What is g(x)?
-10
Let h(a) = -48*a - 42. Let l(v) = -29*v - 22. Let o(x) = -3*h(x) + 5*l(x). Determine o(14).
2
Let o(v) = -4*v + 7. Let y(t) = t - 2. Let w(g) = -o(g) - 5*y(g). Let i = 16 + -67. Let u be (-1*1)/((-17)/i). What is w(u)?
6
Let o(b) be the second derivative of -b**4/12 + b**3/6 + b**2/2 + b. Suppose -180*s - 254*s - 323*s = 0. Determine o(s).
1
Let x(n) be the third derivative of -n**6/120 + n**5/5 - 13*n**4/24 + 5*n**3/2 + 11*n**2 + 153*n + 3. Let h be (11/1)/(-1 - -2). Give x(h).
-7
Let h(w) = -w - 109. Let y(o) = 232. Let b(f) = -5*h(f) - 2*y(f). What is b(-15)?
6
Let s(j) = -8*j + 4. Let b = 359 - 354. Suppose 5*c + 5*g = 10, -6*g = 2*c - b*g. Determine s(c).
20
Let u(f) = -8*f. Let y(r) = -699 - 700 + r + 1399. Let b(v) = -u(v) - 5*y(v). Give b(4).
12
Let h be 2*3 - 5/10*-8. Suppose -g = 5*r - 0*r - 417, 0 = -3*r - 2*g + 246. Let u(i) = -2*i + r + i + 3*i - 99. Determine u(h).
5
Let i(f) be the third derivative of -5*f**4/12 - f**3/6 + 2*f**2. Suppose -32 = -21792*j + 21808*j. Give i(j).
19
Let r(m) = m**3 - 21*m**2 - 103*m + 72. L